{"id":233,"date":"2019-06-08T10:22:09","date_gmt":"2019-06-08T08:22:09","guid":{"rendered":"http:\/\/francelyme.fr\/mediatiques\/?page_id=233"},"modified":"2025-10-21T19:08:09","modified_gmt":"2025-10-21T17:08:09","slug":"la-maladie-de-lyme-a-lassemblee-nationale-senat-europe","status":"publish","type":"page","link":"https:\/\/francelyme.fr\/site\/mediatiques\/maladies-et-tiques\/la-maladie-de-lyme-a-lassemblee-nationale-senat-europe\/","title":{"rendered":"La maladie de Lyme dans les institutions"},"content":{"rendered":"\n<!-- Facebook Like Button Vivacity Infotech BEGIN -->\n<div class=\"fb-like\" data-href=\"https:\/\/francelyme.fr\/site\/mediatiques\/maladies-et-tiques\/la-maladie-de-lyme-a-lassemblee-nationale-senat-europe\/\" data-layout=\"button_count\" data-action=\"like\" data-show-faces=\"false\" data-size=\"large\" data-width=\"450\" data-share=\"1\" ><\/div>\n<!-- Facebook Like Button Vivacity Infotech END -->\n<div id=\"fb-root\"><\/div>\n\n<ul class=\"wp-block-list\"><li>Assembl\u00e9e Nationale<\/li><li>S\u00e9nat<\/li><li>Commission Europ\u00e9enne<\/li><li>Parlement Europ\u00e9en<\/li><li>Congr\u00e8s am\u00e9ricain<\/li><\/ul>\n\n\n\n<figure class=\"wp-block-embed-youtube wp-block-embed is-type-video is-provider-youtube wp-embed-aspect-16-9 wp-has-aspect-ratio\"><div class=\"wp-block-embed__wrapper\">\n<iframe loading=\"lazy\" title=\"Lyme, une maladie complexe \/ Alain Trautmann | Interview\" width=\"800\" height=\"450\" src=\"https:\/\/www.youtube.com\/embed\/ibL7nQVyfFo?feature=oembed\" frameborder=\"0\" allow=\"accelerometer; autoplay; encrypted-media; gyroscope; picture-in-picture\" allowfullscreen><\/iframe>\n<\/div><\/figure>\n\n\n\n<p>Des questions sont fr\u00e9quemment pos\u00e9es, faire une recherche : <a href=\"http:\/\/www2.assemblee-nationale.fr\/recherche\/questions\/15#\">http:\/\/www2.assemblee-nationale.fr\/recherche\/questions\/15#<\/a><br>ou ici <a href=\"https:\/\/www.nosdeputes.fr\/recherche\/lyme?sort=1\">https:\/\/www.nosdeputes.fr\/recherche\/lyme?sort=1<\/a><\/p>\n\n\n\n<h2 class=\"wp-block-heading\">Les grandes \u00e9tapes<\/h2>\n\n\n\n<ul class=\"wp-block-list\"><li>Juillet 2019, r\u00e9union du <a href=\"https:\/\/francelyme.fr\/site\/notre-communique-suite-au-copil-du-plan-lyme-du-3-juillet-2019\/\">Comit\u00e9 de Pilotage du Plan Lyme<\/a><\/li><li>Suite aux <strong>tables rondes organis\u00e9es par le S\u00e9nat<\/strong> au <a href=\"https:\/\/francelyme.fr\/site\/maladie-de-lyme-au-senat-quatre-tables-rondes-pour-comprendre\/\">printemps 2019<\/a>, la <a href=\"https:\/\/francelyme.fr\/site\/rapport-sur-les-tables-rondes-du-senat\/\">s\u00e9natrice Mme \u00c9lisabeth DOINEAU a r\u00e9dig\u00e9 un rapport d\u2019information au nom de la commission des affaires sociales<\/a>.<\/li><li>Novembre 2018, <a href=\"https:\/\/francelyme.fr\/site\/rapport-du-groupe-dexperts-americains-remis-au-senat\/\"><strong>rapport du groupe d\u2019experts am\u00e9ricains<\/strong>, remis au Congr\u00e8s am\u00e9ricain<\/a><\/li><li>Novembre 2018, <a href=\"https:\/\/www.euractiv.fr\/section\/sante-modes-de-vie\/news\/le-parlement-europeen-reclame-plus-de-moyens-contre-la-maladie-de-lyme\/\"><strong>r\u00e9solution des d\u00e9put\u00e9s europ\u00e9ens<\/strong> pour augmenter les moyens de lutte<\/a> par Fr\u00e9d\u00e9rique Ries<\/li><li>Septembre 2018, le Plan Lyme est jalonn\u00e9 de <a href=\"https:\/\/francelyme.fr\/site\/comite-de-pilotage-plan-lyme-et-autres-mvt-21-septembre-2018\/\">Comit\u00e9 de Pilotage<\/a><\/li><li>Aout 2018, reconnaissance r\u00e9volutionnaire de la borr\u00e9liose de Lyme dans la <a href=\"https:\/\/francelyme.fr\/site\/reconnaissance-revolutionnaire-de-la-borreliose-de-lyme-dans-la-11eme-classification-internationale-des-maladies-de-loms\/\"><strong>11\u00e8me classification internationale des maladies de l\u2019OMS<\/strong><\/a><\/li><li>Juillet 2018, Audition des repr\u00e9sentants associatifs devant le <a href=\"https:\/\/francelyme.fr\/site\/retour-sur-la-premiere-semaine-de-juillet\/\"><strong>Groupe d&rsquo;\u00e9tude sur la Maladie de Lyme<\/strong><\/a> constitu\u00e9 par des d\u00e9put\u00e9s de l&rsquo;Assembl\u00e9e Nationale<\/li><li>Apr\u00e8s plus d&rsquo;un an de travail, Juin 2018, la HAS fait para\u00eetre la <a href=\"https:\/\/francelyme.fr\/site\/communique-de-presse-sur-les-nouvelles-recommandations-de-la-has-24-06-2018\/\">Recommandation de Bonne Pratique sur les Maladies Vectorielles \u00e0 Tiques<\/a> eu lieu du PNDS<\/li><li>Juillet 2017, r\u00e9union du <a href=\"https:\/\/francelyme.fr\/site\/compte-rendu-du-2e-comite-de-pilotage-plan-lyme-3-juillet-2017\/\">Comit\u00e9 de Pilotage du Plan Lyme <\/a><\/li><li>Mars 2017,  premi\u00e8re <a href=\"https:\/\/francelyme.fr\/site\/communique-sur-le-pnds-issu-du-plan-ministeriel-sur-la-maladie-de-lyme-et-les-co-infections\/\">r\u00e9union du groupe de travail pour l\u2019\u00e9laboration du PNDS<\/a> Lyme et autres maladies transmissibles par les tiques  <\/li><li>Janvier 2017, r\u00e9union du <a href=\"https:\/\/francelyme.fr\/site\/compte-rendu-du-premier-comite-de-pilotage-du-plan-national-de-lutte-contre-la-maladie-de-lyme-et-les-maladies-transmissibles-par-les-tiques-le-19-janvier-2017\/\">Comit\u00e9 de Pilotage du Plan Lyme  <\/a><\/li><li>D\u00e9cembre 2016, <a href=\"https:\/\/francelyme.fr\/site\/reunion-a-la-direction-de-la-prevention-sante-publique-france\/\">r\u00e9union du Plan Lyme<\/a><\/li><li>D\u00e9cembre 2015, <a href=\"https:\/\/francelyme.fr\/site\/reunion-a-la-direction-de-la-prevention-sante-publique-france\/\">mise en place des axes sur la pr\u00e9vention<\/a> du Plan Lyme<\/li><li>Septembre 2016, <a href=\"https:\/\/francelyme.fr\/site\/plan-national-daction-ministeriel-contre-la-maladie-de-lyme\/\"><strong>lancement du Plan Lyme<\/strong><\/a><\/li><li>Juin 2016, r\u00e9union au <a href=\"https:\/\/francelyme.fr\/site\/manifestation-reunion-au-ministere-de-la-sante-mercredi-29-juin-16h30\/\">Minist\u00e8re avec les associations de malades<\/a>, en pr\u00e9sence de Mme KHIROUNI, d\u00e9put\u00e9e de  Meurthe-et-Moselle, Mme TZATCHEV, conseill\u00e8re parlementaire, Mme ALLOT,  conseill\u00e8re technique et des repr\u00e9sentants de la Direction G\u00e9n\u00e9rale de la Sant\u00e9. <a href=\"https:\/\/francelyme.fr\/site\/communique-suite-a-la-reunion-au-ministere-de-la-sante-29-juin-2016\/\">Compte-rendu de la r\u00e9union<\/a><\/li><li>Janvier 2016, <a href=\"https:\/\/francelyme.fr\/site\/courrier-a-lattention-de-la-direction-generale-de-la-sante-en-date-du-26-janvier-2016\/\">r\u00e9action \u00e0 la question du s\u00e9nateur Rachel Mazuir  <\/a><\/li><li>Octobre 2015, <a href=\"https:\/\/francelyme.fr\/site\/une-avancee-politique-tres-importante-aux-usa\/\"><strong>recommandations de l\u2019ILADS <\/strong>2014 viennent d\u2019\u00eatre&nbsp; valid\u00e9es par le Minist\u00e8re de la Sant\u00e9&nbsp; des USA<\/a><\/li><li>Juin 2015, <a href=\"https:\/\/francelyme.fr\/site\/retour-sur-la-reunion-aupres-de-la-direction-generale-de-la-sante-24-juin-2015\/\">pr\u00e9sentation d&rsquo;un plan d&rsquo;action du Minist\u00e8re<\/a> vers les associations de malades<\/li><li>La <strong>proposition de loi n\u00b02291 a \u00e9t\u00e9 d\u00e9battue \u00e0 l&rsquo;Assembl\u00e9e Nationale<\/strong> le 05 f\u00e9vrier 2015. La <a href=\"http:\/\/www.assemblee-nationale.fr\/14\/cri\/2014-2015\/20150135.asp#P433644\">retranscription des d\u00e9bats<\/a> est sur le site de l&rsquo;Assembl\u00e9e Nationale. <\/li><li>Aout 2014, <a href=\"https:\/\/francelyme.fr\/site\/reponse-de-la-commission-europeenne-a-lattention-de-claude-bartolone-president-de-lassemblee-nationale\/\">r\u00e9ponse de la commission europ\u00e9enne<\/a><\/li><li>Le 17 ao\u00fbt 2014, l&rsquo;Assembl\u00e9e Nationale adopte une <a rel=\"noreferrer noopener\" href=\"http:\/\/www.assemblee-nationale.fr\/14\/pdf\/ta\/ta0400.pdf\" target=\"_blank\"><strong>R\u00e9solution Europ\u00e9enne r<\/strong>elative \u00e0 la maladie de Lyme.<\/a> En voici les souhaits : <\/li><\/ul>\n\n\n\n<blockquote class=\"wp-block-quote is-layout-flow wp-block-quote-is-layout-flow\"><p>&#8211; Consid\u00e9rant que la borr\u00e9liose de Lyme constitue un enjeu de sant\u00e9 publique majeur dont les institutions europ\u00e9ennes doivent se saisir et d\u00e9battre ;<br>&#8211; Invite la Commission europ\u00e9enne \u00e0 engager une r\u00e9flexion sur le d\u00e9veloppement de la borr\u00e9liose de Lyme et les actions n\u00e9cessaires afin de juguler ses effets sur la sant\u00e9 publique ;<br>&#8211; Souhaite que le Centre europ\u00e9en de pr\u00e9vention et de contr\u00f4le des maladies organise une nouvelle consultation d\u2019experts relative aux maladies vectorielles \u00e0 tiques et publie un rapport relatif \u00e0 la borr\u00e9liose de Lyme ;<br>&#8211; Souhaite que la d\u00e9finition de cas de la borr\u00e9liose de Lyme soit harmonis\u00e9e au niveau de l\u2019Union europ\u00e9enne<br>&#8211; Souhaite que la Commission europ\u00e9enne modifie la d\u00e9cision n\u00b0 2000\/96\/CE, du 22 d\u00e9cembre 1999, susvis\u00e9e en ajoutant la borr\u00e9liose de Lyme au point 2.5.5 de l\u2019annexe I \u00e9num\u00e9rant les maladies pour lesquelles la surveillance au sein du r\u00e9seau communautaire est assur\u00e9e par la collecte et l\u2019analyse de donn\u00e9es standardis\u00e9es ;<br>&#8211; Souhaite que la Commission europ\u00e9enne engage une campagne de sensibilisation et de pr\u00e9vention relative \u00e0 la borr\u00e9liose de Lyme \u00e0 destination du grand public et des professionnels de sant\u00e9 ;<br>&#8211; Invite la Commission europ\u00e9enne \u00e0 financer de mani\u00e8re plus ambitieuse les travaux de recherche li\u00e9s \u00e0 la borr\u00e9liose de Lyme, en particulier ceux visant \u00e0 l\u2019am\u00e9lioration des tests de d\u00e9pistage et des m\u00e9thodes de traitement ainsi qu\u2019\u00e0 l\u2019\u00e9laboration d\u2019un vaccin. <\/p><\/blockquote>\n\n\n\n<ul class=\"wp-block-list\"><li>Le 4 juin 2014, les d\u00e9put\u00e9s Marcel BONNOT, Fran\u00e7ois VANNSON, Marianne DUBOIS, Marie-Christine DALLOZ et \u00c9tienne BLANC ont d\u00e9pos\u00e9 une <a rel=\"noreferrer noopener\" href=\"http:\/\/www.assemblee-nationale.fr\/14\/propositions\/pion2003.asp\" target=\"_blank\">proposition de r\u00e9solution europ\u00e9enne visant \u00e0 s\u00e9curiser et harmoniser l\u2019information et le parcours de soin des personnes ayant contract\u00e9 la maladie de Lyme<\/a>.<\/li><\/ul>\n\n<!-- Facebook Like Button Vivacity Infotech BEGIN -->\n<div class=\"fb-like\" data-href=\"https:\/\/francelyme.fr\/site\/mediatiques\/maladies-et-tiques\/la-maladie-de-lyme-a-lassemblee-nationale-senat-europe\/\" data-layout=\"button_count\" data-action=\"like\" data-show-faces=\"false\" data-size=\"large\" data-width=\"450\" data-share=\"1\" ><\/div>\n<!-- Facebook Like Button Vivacity Infotech END -->\n","protected":false},"excerpt":{"rendered":"<p>Assembl\u00e9e Nationale S\u00e9nat Commission Europ\u00e9enne Parlement Europ\u00e9en Congr\u00e8s am\u00e9ricain Des questions sont fr\u00e9quemment pos\u00e9es, faire une recherche : http:\/\/www2.assemblee-nationale.fr\/recherche\/questions\/15#ou ici<\/p>\n","protected":false},"author":1,"featured_media":0,"parent":972,"menu_order":0,"comment_status":"closed","ping_status":"closed","template":"","meta":{"colormag_page_container_layout":"default_layout","colormag_page_sidebar_layout":"default_layout","_mc_calendar":[],"footnotes":""},"class_list":["post-233","page","type-page","status-publish","hentry"],"yoast_head":"<!-- This site is optimized with the Yoast SEO plugin v27.3 - https:\/\/yoast.com\/product\/yoast-seo-wordpress\/ -->\n<title>La maladie de Lyme dans les institutions - M\u00e9dia-Tiques<\/title>\n<meta name=\"robots\" content=\"index, follow, max-snippet:-1, max-image-preview:large, max-video-preview:-1\" \/>\n<link rel=\"canonical\" href=\"https:\/\/francelyme.fr\/site\/mediatiques\/maladies-et-tiques\/la-maladie-de-lyme-a-lassemblee-nationale-senat-europe\/\" \/>\n<meta property=\"og:locale\" content=\"fr_FR\" \/>\n<meta property=\"og:type\" content=\"article\" \/>\n<meta property=\"og:title\" content=\"La maladie de Lyme dans les institutions - M\u00e9dia-Tiques\" \/>\n<meta property=\"og:description\" content=\"Assembl\u00e9e Nationale S\u00e9nat Commission Europ\u00e9enne Parlement Europ\u00e9en Congr\u00e8s am\u00e9ricain Des questions sont fr\u00e9quemment pos\u00e9es, faire une recherche : http:\/\/www2.assemblee-nationale.fr\/recherche\/questions\/15#ou ici\" \/>\n<meta property=\"og:url\" content=\"https:\/\/francelyme.fr\/site\/mediatiques\/maladies-et-tiques\/la-maladie-de-lyme-a-lassemblee-nationale-senat-europe\/\" \/>\n<meta property=\"og:site_name\" content=\"M\u00e9dia-Tiques\" \/>\n<meta property=\"article:modified_time\" content=\"2025-10-21T17:08:09+00:00\" \/>\n<meta name=\"twitter:card\" content=\"summary_large_image\" \/>\n<meta name=\"twitter:label1\" content=\"Dur\u00e9e de lecture estim\u00e9e\" \/>\n\t<meta name=\"twitter:data1\" content=\"4 minutes\" \/>\n<script type=\"application\/ld+json\" class=\"yoast-schema-graph\">{\"@context\":\"https:\\\/\\\/schema.org\",\"@graph\":[{\"@type\":\"WebPage\",\"@id\":\"https:\\\/\\\/francelyme.fr\\\/site\\\/mediatiques\\\/maladies-et-tiques\\\/la-maladie-de-lyme-a-lassemblee-nationale-senat-europe\\\/\",\"url\":\"https:\\\/\\\/francelyme.fr\\\/site\\\/mediatiques\\\/maladies-et-tiques\\\/la-maladie-de-lyme-a-lassemblee-nationale-senat-europe\\\/\",\"name\":\"La maladie de Lyme dans les institutions - M\u00e9dia-Tiques\",\"isPartOf\":{\"@id\":\"https:\\\/\\\/francelyme.fr\\\/site\\\/mediatiques\\\/#website\"},\"datePublished\":\"2019-06-08T08:22:09+00:00\",\"dateModified\":\"2025-10-21T17:08:09+00:00\",\"breadcrumb\":{\"@id\":\"https:\\\/\\\/francelyme.fr\\\/site\\\/mediatiques\\\/maladies-et-tiques\\\/la-maladie-de-lyme-a-lassemblee-nationale-senat-europe\\\/#breadcrumb\"},\"inLanguage\":\"fr-FR\",\"potentialAction\":[{\"@type\":\"ReadAction\",\"target\":[\"https:\\\/\\\/francelyme.fr\\\/site\\\/mediatiques\\\/maladies-et-tiques\\\/la-maladie-de-lyme-a-lassemblee-nationale-senat-europe\\\/\"]}]},{\"@type\":\"BreadcrumbList\",\"@id\":\"https:\\\/\\\/francelyme.fr\\\/site\\\/mediatiques\\\/maladies-et-tiques\\\/la-maladie-de-lyme-a-lassemblee-nationale-senat-europe\\\/#breadcrumb\",\"itemListElement\":[{\"@type\":\"ListItem\",\"position\":1,\"name\":\"Accueil\",\"item\":\"https:\\\/\\\/francelyme.fr\\\/site\\\/mediatiques\\\/\"},{\"@type\":\"ListItem\",\"position\":2,\"name\":\"Maladies et tiques\",\"item\":\"https:\\\/\\\/francelyme.fr\\\/site\\\/mediatiques\\\/maladies-et-tiques\\\/\"},{\"@type\":\"ListItem\",\"position\":3,\"name\":\"La maladie de Lyme dans les institutions\"}]},{\"@type\":\"WebSite\",\"@id\":\"https:\\\/\\\/francelyme.fr\\\/site\\\/mediatiques\\\/#website\",\"url\":\"https:\\\/\\\/francelyme.fr\\\/site\\\/mediatiques\\\/\",\"name\":\"M\u00e9dia-Tiques\",\"description\":\"Portail d&#039;information sur les tiques et les maladies associ\u00e9es\",\"publisher\":{\"@id\":\"https:\\\/\\\/francelyme.fr\\\/site\\\/mediatiques\\\/#organization\"},\"potentialAction\":[{\"@type\":\"SearchAction\",\"target\":{\"@type\":\"EntryPoint\",\"urlTemplate\":\"https:\\\/\\\/francelyme.fr\\\/site\\\/mediatiques\\\/?s={search_term_string}\"},\"query-input\":{\"@type\":\"PropertyValueSpecification\",\"valueRequired\":true,\"valueName\":\"search_term_string\"}}],\"inLanguage\":\"fr-FR\"},{\"@type\":\"Organization\",\"@id\":\"https:\\\/\\\/francelyme.fr\\\/site\\\/mediatiques\\\/#organization\",\"name\":\"M\u00e9dia-Tiques\",\"url\":\"https:\\\/\\\/francelyme.fr\\\/site\\\/mediatiques\\\/\",\"logo\":{\"@type\":\"ImageObject\",\"inLanguage\":\"fr-FR\",\"@id\":\"https:\\\/\\\/francelyme.fr\\\/site\\\/mediatiques\\\/#\\\/schema\\\/logo\\\/image\\\/\",\"url\":\"https:\\\/\\\/francelyme.fr\\\/site\\\/mediatiques\\\/wp-content\\\/uploads\\\/sites\\\/5\\\/2019\\\/06\\\/Logo-bandeau-new-site-Media-Tiques.jpg\",\"contentUrl\":\"https:\\\/\\\/francelyme.fr\\\/site\\\/mediatiques\\\/wp-content\\\/uploads\\\/sites\\\/5\\\/2019\\\/06\\\/Logo-bandeau-new-site-Media-Tiques.jpg\",\"width\":2336,\"height\":356,\"caption\":\"M\u00e9dia-Tiques\"},\"image\":{\"@id\":\"https:\\\/\\\/francelyme.fr\\\/site\\\/mediatiques\\\/#\\\/schema\\\/logo\\\/image\\\/\"}}]}<\/script>\n<!-- \/ Yoast SEO plugin. -->","yoast_head_json":{"title":"La maladie de Lyme dans les institutions - M\u00e9dia-Tiques","robots":{"index":"index","follow":"follow","max-snippet":"max-snippet:-1","max-image-preview":"max-image-preview:large","max-video-preview":"max-video-preview:-1"},"canonical":"https:\/\/francelyme.fr\/site\/mediatiques\/maladies-et-tiques\/la-maladie-de-lyme-a-lassemblee-nationale-senat-europe\/","og_locale":"fr_FR","og_type":"article","og_title":"La maladie de Lyme dans les institutions - M\u00e9dia-Tiques","og_description":"Assembl\u00e9e Nationale S\u00e9nat Commission Europ\u00e9enne Parlement Europ\u00e9en Congr\u00e8s am\u00e9ricain Des questions sont fr\u00e9quemment pos\u00e9es, faire une recherche : http:\/\/www2.assemblee-nationale.fr\/recherche\/questions\/15#ou ici","og_url":"https:\/\/francelyme.fr\/site\/mediatiques\/maladies-et-tiques\/la-maladie-de-lyme-a-lassemblee-nationale-senat-europe\/","og_site_name":"M\u00e9dia-Tiques","article_modified_time":"2025-10-21T17:08:09+00:00","twitter_card":"summary_large_image","twitter_misc":{"Dur\u00e9e de lecture estim\u00e9e":"4 minutes"},"schema":{"@context":"https:\/\/schema.org","@graph":[{"@type":"WebPage","@id":"https:\/\/francelyme.fr\/site\/mediatiques\/maladies-et-tiques\/la-maladie-de-lyme-a-lassemblee-nationale-senat-europe\/","url":"https:\/\/francelyme.fr\/site\/mediatiques\/maladies-et-tiques\/la-maladie-de-lyme-a-lassemblee-nationale-senat-europe\/","name":"La maladie de Lyme dans les institutions - M\u00e9dia-Tiques","isPartOf":{"@id":"https:\/\/francelyme.fr\/site\/mediatiques\/#website"},"datePublished":"2019-06-08T08:22:09+00:00","dateModified":"2025-10-21T17:08:09+00:00","breadcrumb":{"@id":"https:\/\/francelyme.fr\/site\/mediatiques\/maladies-et-tiques\/la-maladie-de-lyme-a-lassemblee-nationale-senat-europe\/#breadcrumb"},"inLanguage":"fr-FR","potentialAction":[{"@type":"ReadAction","target":["https:\/\/francelyme.fr\/site\/mediatiques\/maladies-et-tiques\/la-maladie-de-lyme-a-lassemblee-nationale-senat-europe\/"]}]},{"@type":"BreadcrumbList","@id":"https:\/\/francelyme.fr\/site\/mediatiques\/maladies-et-tiques\/la-maladie-de-lyme-a-lassemblee-nationale-senat-europe\/#breadcrumb","itemListElement":[{"@type":"ListItem","position":1,"name":"Accueil","item":"https:\/\/francelyme.fr\/site\/mediatiques\/"},{"@type":"ListItem","position":2,"name":"Maladies et tiques","item":"https:\/\/francelyme.fr\/site\/mediatiques\/maladies-et-tiques\/"},{"@type":"ListItem","position":3,"name":"La maladie de Lyme dans les institutions"}]},{"@type":"WebSite","@id":"https:\/\/francelyme.fr\/site\/mediatiques\/#website","url":"https:\/\/francelyme.fr\/site\/mediatiques\/","name":"M\u00e9dia-Tiques","description":"Portail d&#039;information sur les tiques et les maladies associ\u00e9es","publisher":{"@id":"https:\/\/francelyme.fr\/site\/mediatiques\/#organization"},"potentialAction":[{"@type":"SearchAction","target":{"@type":"EntryPoint","urlTemplate":"https:\/\/francelyme.fr\/site\/mediatiques\/?s={search_term_string}"},"query-input":{"@type":"PropertyValueSpecification","valueRequired":true,"valueName":"search_term_string"}}],"inLanguage":"fr-FR"},{"@type":"Organization","@id":"https:\/\/francelyme.fr\/site\/mediatiques\/#organization","name":"M\u00e9dia-Tiques","url":"https:\/\/francelyme.fr\/site\/mediatiques\/","logo":{"@type":"ImageObject","inLanguage":"fr-FR","@id":"https:\/\/francelyme.fr\/site\/mediatiques\/#\/schema\/logo\/image\/","url":"https:\/\/francelyme.fr\/site\/mediatiques\/wp-content\/uploads\/sites\/5\/2019\/06\/Logo-bandeau-new-site-Media-Tiques.jpg","contentUrl":"https:\/\/francelyme.fr\/site\/mediatiques\/wp-content\/uploads\/sites\/5\/2019\/06\/Logo-bandeau-new-site-Media-Tiques.jpg","width":2336,"height":356,"caption":"M\u00e9dia-Tiques"},"image":{"@id":"https:\/\/francelyme.fr\/site\/mediatiques\/#\/schema\/logo\/image\/"}}]}},"_links":{"self":[{"href":"https:\/\/francelyme.fr\/site\/mediatiques\/wp-json\/wp\/v2\/pages\/233","targetHints":{"allow":["GET"]}}],"collection":[{"href":"https:\/\/francelyme.fr\/site\/mediatiques\/wp-json\/wp\/v2\/pages"}],"about":[{"href":"https:\/\/francelyme.fr\/site\/mediatiques\/wp-json\/wp\/v2\/types\/page"}],"author":[{"embeddable":true,"href":"https:\/\/francelyme.fr\/site\/mediatiques\/wp-json\/wp\/v2\/users\/1"}],"replies":[{"embeddable":true,"href":"https:\/\/francelyme.fr\/site\/mediatiques\/wp-json\/wp\/v2\/comments?post=233"}],"version-history":[{"count":20,"href":"https:\/\/francelyme.fr\/site\/mediatiques\/wp-json\/wp\/v2\/pages\/233\/revisions"}],"predecessor-version":[{"id":1240,"href":"https:\/\/francelyme.fr\/site\/mediatiques\/wp-json\/wp\/v2\/pages\/233\/revisions\/1240"}],"up":[{"embeddable":true,"href":"https:\/\/francelyme.fr\/site\/mediatiques\/wp-json\/wp\/v2\/pages\/972"}],"wp:attachment":[{"href":"https:\/\/francelyme.fr\/site\/mediatiques\/wp-json\/wp\/v2\/media?parent=233"}],"curies":[{"name":"wp","href":"https:\/\/api.w.org\/{rel}","templated":true}]}}