{"id":2284,"date":"2019-06-08T11:22:06","date_gmt":"2019-06-08T09:22:06","guid":{"rendered":"http:\/\/francelyme.fr\/?page_id=2284"},"modified":"2026-02-17T12:53:32","modified_gmt":"2026-02-17T11:53:32","slug":"actions","status":"publish","type":"page","link":"https:\/\/francelyme.fr\/site\/actions\/","title":{"rendered":"Les actions de l&rsquo;association"},"content":{"rendered":"<div class=\"like-button\" style=\"float: right; clear: both; text-align: right; width = 100%;\">\n<!-- Facebook Like Button Vivacity Infotech BEGIN -->\n<div class=\"fb-like\" data-href=\"https:\/\/francelyme.fr\/site\/actions\/\" data-layout=\"box_count\" data-action=\"like\" data-show-faces=\"false\" data-size=\"large\" data-width=\"450\" data-share=\"1\" ><\/div><\/div>\n<!-- Facebook Like Button Vivacity Infotech END -->\n<div id=\"fb-root\"><\/div>\n\n<div class=\"wp-block-media-text alignwide is-stacked-on-mobile\" style=\"grid-template-columns:34% auto\"><figure class=\"wp-block-media-text__media\"><img loading=\"lazy\" decoding=\"async\" width=\"1024\" height=\"1024\" src=\"http:\/\/francelyme.fr\/site\/wp-content\/uploads\/2026\/02\/ChatGPT-Image-17-fevr.-2026-a-12_32_05.png\" alt=\"\" class=\"wp-image-19222 size-full\" srcset=\"https:\/\/francelyme.fr\/site\/wp-content\/uploads\/2026\/02\/ChatGPT-Image-17-fevr.-2026-a-12_32_05.png 1024w, https:\/\/francelyme.fr\/site\/wp-content\/uploads\/2026\/02\/ChatGPT-Image-17-fevr.-2026-a-12_32_05-300x300.png 300w, https:\/\/francelyme.fr\/site\/wp-content\/uploads\/2026\/02\/ChatGPT-Image-17-fevr.-2026-a-12_32_05-150x150.png 150w, https:\/\/francelyme.fr\/site\/wp-content\/uploads\/2026\/02\/ChatGPT-Image-17-fevr.-2026-a-12_32_05-768x768.png 768w, https:\/\/francelyme.fr\/site\/wp-content\/uploads\/2026\/02\/ChatGPT-Image-17-fevr.-2026-a-12_32_05-90x90.png 90w, https:\/\/francelyme.fr\/site\/wp-content\/uploads\/2026\/02\/ChatGPT-Image-17-fevr.-2026-a-12_32_05-75x75.png 75w\" sizes=\"auto, (max-width: 1024px) 100vw, 1024px\" \/><\/figure><div class=\"wp-block-media-text__content\">\n<p><\/p>\n<\/div><\/div>\n\n\n\n<h2 class=\"wp-block-heading\">&gt; <strong><em>Pr\u00e9venir <\/em><\/strong><\/h2>\n\n\n\n<p><strong>Qui <\/strong>: le grand public, les professionnels de sant\u00e9, les institutions sanitaires, les parlementaires, les \u00e9lus et les m\u00e9dias.<\/p>\n\n\n\n<p><strong>Comment <\/strong>: plaquettes et flyers, affiches,&nbsp; produits d\u00e9riv\u00e9s, stands, conf\u00e9rences, manifestations, panneaux de pr\u00e9vention\u2026<\/p>\n\n\n\n<p><strong>O\u00f9 <\/strong>: au niveau national et au niveau local par le biais des sections.<\/p>\n\n\n\n<p>L\u2019association produit et met \u00e0 jour des documents de pr\u00e9vention et d\u2019information pour tous les publics (adultes, enfants, scolaire, m\u00e9decins\u2026). <a href=\"http:\/\/francelyme.fr\/site\/prevention\/\">Certains fichiers sont disponibles librement sur le site de l\u2019association<\/a>. Les documents sur support (plaquettes, affiches) sont envoy\u00e9s gratuitement aux adh\u00e9rents qui le souhaitent. Les panneaux sont destin\u00e9s aux mairies lors de l\u2019obtention d\u2019une subvention.<\/p>\n\n\n\n<figure class=\"wp-block-gallery has-nested-images columns-5 is-cropped wp-block-gallery-1 is-layout-flex wp-block-gallery-is-layout-flex\">\n<figure class=\"wp-block-image size-large\"><img loading=\"lazy\" decoding=\"async\" width=\"724\" height=\"1024\" data-id=\"3233\" src=\"https:\/\/francelyme.fr\/site\/wp-content\/uploads\/2014\/10\/panneau-foret-724x1024.jpg\" alt=\"\" class=\"wp-image-3233\" srcset=\"https:\/\/francelyme.fr\/site\/wp-content\/uploads\/2014\/10\/panneau-foret-724x1024.jpg 724w, https:\/\/francelyme.fr\/site\/wp-content\/uploads\/2014\/10\/panneau-foret-212x300.jpg 212w, https:\/\/francelyme.fr\/site\/wp-content\/uploads\/2014\/10\/panneau-foret-768x1087.jpg 768w, https:\/\/francelyme.fr\/site\/wp-content\/uploads\/2014\/10\/panneau-foret.jpg 1169w\" sizes=\"auto, (max-width: 724px) 100vw, 724px\" \/><figcaption class=\"wp-element-caption\">\t\t\t\tPanneau\t\t<\/figcaption><\/figure>\n\n\n\n<figure class=\"wp-block-image size-large\"><img loading=\"lazy\" decoding=\"async\" width=\"417\" height=\"596\" data-id=\"7394\" src=\"https:\/\/francelyme.fr\/site\/wp-content\/uploads\/2018\/09\/Affiche_Ministere_Enfant_tiques_poster.jpg\" alt=\"\" class=\"wp-image-7394\" srcset=\"https:\/\/francelyme.fr\/site\/wp-content\/uploads\/2018\/09\/Affiche_Ministere_Enfant_tiques_poster.jpg 417w, https:\/\/francelyme.fr\/site\/wp-content\/uploads\/2018\/09\/Affiche_Ministere_Enfant_tiques_poster-210x300.jpg 210w\" sizes=\"auto, (max-width: 417px) 100vw, 417px\" \/><figcaption class=\"wp-element-caption\">\t\t\tFormat A0<\/figcaption><\/figure>\n\n\n\n<figure class=\"wp-block-image size-large\"><img loading=\"lazy\" decoding=\"async\" width=\"724\" height=\"1024\" data-id=\"6142\" src=\"https:\/\/francelyme.fr\/site\/wp-content\/uploads\/2012\/07\/Affiche-France-Lyme-2016-septembrelight-page-001-724x1024.jpg\" alt=\"\" class=\"wp-image-6142\" srcset=\"https:\/\/francelyme.fr\/site\/wp-content\/uploads\/2012\/07\/Affiche-France-Lyme-2016-septembrelight-page-001-724x1024.jpg 724w, https:\/\/francelyme.fr\/site\/wp-content\/uploads\/2012\/07\/Affiche-France-Lyme-2016-septembrelight-page-001-212x300.jpg 212w, https:\/\/francelyme.fr\/site\/wp-content\/uploads\/2012\/07\/Affiche-France-Lyme-2016-septembrelight-page-001-768x1086.jpg 768w, https:\/\/francelyme.fr\/site\/wp-content\/uploads\/2012\/07\/Affiche-France-Lyme-2016-septembrelight-page-001.jpg 1754w\" sizes=\"auto, (max-width: 724px) 100vw, 724px\" \/><figcaption class=\"wp-element-caption\">\t\tFormat A3 et A4<\/figcaption><\/figure>\n\n\n\n<figure class=\"wp-block-image size-large\"><img loading=\"lazy\" decoding=\"async\" width=\"1024\" height=\"738\" data-id=\"6141\" src=\"https:\/\/francelyme.fr\/site\/wp-content\/uploads\/2012\/07\/Plaquette-FL-septembre-2016_Page_1-1024x738.jpg\" alt=\"\" class=\"wp-image-6141\" srcset=\"https:\/\/francelyme.fr\/site\/wp-content\/uploads\/2012\/07\/Plaquette-FL-septembre-2016_Page_1-1024x738.jpg 1024w, https:\/\/francelyme.fr\/site\/wp-content\/uploads\/2012\/07\/Plaquette-FL-septembre-2016_Page_1-300x216.jpg 300w, https:\/\/francelyme.fr\/site\/wp-content\/uploads\/2012\/07\/Plaquette-FL-septembre-2016_Page_1-768x554.jpg 768w\" sizes=\"auto, (max-width: 1024px) 100vw, 1024px\" \/><figcaption class=\"wp-element-caption\">\t\t\tPlaquette France Lyme recto<\/figcaption><\/figure>\n\n\n\n<figure class=\"wp-block-image size-large\"><img loading=\"lazy\" decoding=\"async\" width=\"1024\" height=\"736\" data-id=\"6140\" src=\"https:\/\/francelyme.fr\/site\/wp-content\/uploads\/2012\/07\/Plaquette-FL-septembre-2016_Page_2-1024x736.jpg\" alt=\"\" class=\"wp-image-6140\" srcset=\"https:\/\/francelyme.fr\/site\/wp-content\/uploads\/2012\/07\/Plaquette-FL-septembre-2016_Page_2-1024x736.jpg 1024w, https:\/\/francelyme.fr\/site\/wp-content\/uploads\/2012\/07\/Plaquette-FL-septembre-2016_Page_2-300x216.jpg 300w, https:\/\/francelyme.fr\/site\/wp-content\/uploads\/2012\/07\/Plaquette-FL-septembre-2016_Page_2-768x552.jpg 768w\" sizes=\"auto, (max-width: 1024px) 100vw, 1024px\" \/><figcaption class=\"wp-element-caption\">\t\t\tPlaquette France Lyme verso<\/figcaption><\/figure>\n<\/figure>\n\n\n\n<p>Des\nactions de pr\u00e9vention sont r\u00e9alis\u00e9es partout en France par les b\u00e9n\u00e9voles des\nsections locales : s\u00e9ances de pr\u00e9vention aupr\u00e8s d\u2019adultes (tout public), stands\nde pr\u00e9vention durant des manifestations, interventions dans les \u00e9coles, caf\u00e9s-rencontre\nentre malades, permanences, conf\u00e9rences, participation aux grands \u00e9v\u00e9nements\ntels que la Course des H\u00e9ros et le Lyme Protest (journ\u00e9e de protestation internationale\ncontre les MVT).<\/p>\n\n\n\n<p>De nombreux h\u00f4pitaux, maisons de la sant\u00e9, mutuelles, des entreprises, des associations,\u2026 nous demandent des actions de pr\u00e9vention et de la documentation.  France Lyme a notamment collabor\u00e9 avec le Club Alpin Fran\u00e7ais, Universcience (Cit\u00e9 des sciences\/Palais de la D\u00e9couverte), l&rsquo;Institut G\u00e9ographique National (IGN).<\/p>\n\n\n\n<p>Une bande-dessin\u00e9e \u00e0 destination du grand-public, \u00e9labor\u00e9e  par France Lyme, en collaboration avec Corporate Fiction et l&rsquo;IPSEC, a vu le jour en  2019.<\/p>\n\n\n\n<h2 class=\"wp-block-heading\">> <strong><em>Alerter <\/em><\/strong><\/h2>\n\n\n\n<p>\u2022 Le Lyme long (PTLDS)  est d\u00e9sormais reconnu comme une vraie maladie, mais trop de patients ignorent en souffrir et restent sans solution concr\u00e8te. Il est urgent de faire \u00e9voluer la prise en charge pour r\u00e9pondre \u00e0 leurs besoins.<\/p>\n\n\n\n<p>\u2022 La France doit faire \u00e9voluer son approche du Lyme long, en ouvrant le d\u00e9bat scientifique \u00e0 l\u2019\u00e9chelle internationale et en investissant dans la recherche et une prise en charge pluridisciplinaire.<\/p>\n\n\n\n<p>\u2022 France Lyme continuera \u00e0 faire entendre la voix des patients partout o\u00f9 cela compte : dans les m\u00e9dias, aupr\u00e8s des d\u00e9cideurs politiques, dans les instances scientifiques et dans les institutions de sant\u00e9. Nous portons la parole des malades pour qu\u2019ils soient \u00e9cout\u00e9s, respect\u00e9s et enfin pris en charge \u00e0 la hauteur de leurs besoins. Notre r\u00f4le est de d\u00e9fendre leurs droits, de faire remonter leurs r\u00e9alit\u00e9s de terrain et de construire des solutions concr\u00e8tes avec tous les acteurs.<\/p>\n\n\n\n<div class=\"wp-block-media-text alignwide has-media-on-the-right is-stacked-on-mobile\" style=\"grid-template-columns:auto 25%\"><div class=\"wp-block-media-text__content\">\n<p class=\"has-medium-font-size\">L\u2019association g\u00e8re plusieurs m\u00e9dias, pour rendre accessible une information actualis\u00e9e en permanence. <\/p>\n<\/div><figure class=\"wp-block-media-text__media\"><img loading=\"lazy\" decoding=\"async\" width=\"1024\" height=\"824\" src=\"http:\/\/francelyme.fr\/site\/wp-content\/uploads\/2019\/06\/m\u00e9dias-1024x824.png\" alt=\"\" class=\"wp-image-9330 size-full\" srcset=\"https:\/\/francelyme.fr\/site\/wp-content\/uploads\/2019\/06\/m\u00e9dias-1024x824.png 1024w, https:\/\/francelyme.fr\/site\/wp-content\/uploads\/2019\/06\/m\u00e9dias-300x241.png 300w, https:\/\/francelyme.fr\/site\/wp-content\/uploads\/2019\/06\/m\u00e9dias-768x618.png 768w, https:\/\/francelyme.fr\/site\/wp-content\/uploads\/2019\/06\/m\u00e9dias.png 1794w\" sizes=\"auto, (max-width: 1024px) 100vw, 1024px\" \/><\/figure><\/div>\n\n\n\n<ul class=\"wp-block-list\">\n<li>un site internet associatif <a href=\"http:\/\/francelyme.fr\/site\">http:\/\/francelyme.fr\/site<\/a><\/li>\n\n\n\n<li>son portail \u00ab&nbsp;M\u00e9dia-tiques&nbsp;\u00bb, <a href=\"https:\/\/francelyme.fr\/site\/mediatiques\">https:\/\/francelyme.fr\/site\/mediatiques<\/a><\/li>\n\n\n\n<li>le Forum Lyme francophone qui permet aux malades d&rsquo;\u00e9changer et trouver du soutien dans la maladie, <a href=\"https:\/\/www.forumlyme.com\/phpBB3\">https:\/\/www.forumlyme.com\/phpBB3<\/a><\/li>\n\n\n\n<li>page Facebook, <a href=\"https:\/\/www.facebook.com\/associationfrancelyme\">https:\/\/www.facebook.com\/associationfrancelyme<\/a><\/li>\n\n\n\n<li>groupes Facebook r\u00e9serv\u00e9s aux adh\u00e9rents et aux sections locales, <\/li>\n\n\n\n<li>compte Instagram, <a href=\"https:\/\/www.instagram.com\/francelyme\/\">https:\/\/www.instagram.com\/francelyme\/<\/a><\/li>\n\n\n\n<li>lettre d\u2019information mensuelle.<\/li>\n\n\n\n<li><\/li>\n<\/ul>\n\n\n\n<h2 class=\"wp-block-heading\">> <strong><em>Informer <\/em><\/strong><\/h2>\n\n\n\n<p>France Lyme facilite le dialogue entre les patients et les institutions m\u00e9dicales, sanitaires et sociales.<br>\u00c0 travers son portail d\u2019information, l\u2019association met \u00e0 disposition des ressources fiables sur les maladies vectorielles \u00e0 tiques et oriente les personnes en demande d\u2019informations ou d\u2019accompagnement.<\/p>\n\n\n\n<p>Face aux parcours de soins parfois complexes et \u00e0 une errance m\u00e9dicale toujours importante, une \u00e9quipe de b\u00e9n\u00e9voles r\u00e9f\u00e9rents accompagne les patients vers les dispositifs existants et les professionnels comp\u00e9tents.<br>Dans un contexte d\u2019\u00e9volution des recommandations nationales, France Lyme veille \u00e0 la diffusion d\u2019informations actualis\u00e9es, soutient la formation des professionnels de sant\u00e9 et contribue \u00e0 une meilleure compr\u00e9hension des formes persistantes reconnues par la HAS, dans un esprit de dialogue constructif et d\u2019am\u00e9lioration continue du parcours de soins.<\/p>\n\n\n\n<h2 class=\"wp-block-heading\">> Repr\u00e9senter les usagers<\/h2>\n\n\n\n<p>Le 11 juin 2019, l&rsquo;association a re\u00e7u de la part du Minist\u00e8re de la Sant\u00e9 l&rsquo;agr\u00e9ment national des associations repr\u00e9sentant les usagers dans les instances hospitali\u00e8res ou de sant\u00e9 publique.<\/p>\n\n\n\n<p>France Lyme pr\u00e9sente aussi la candidature de repr\u00e9sentants d&rsquo;usagers.<\/p>\n\n\n\n<p><strong>Qu&rsquo;est-ce qu&rsquo;un repr\u00e9sentant des usagers ?<\/strong><\/p>\n\n\n\n<p>Le  repr\u00e9sentant des usagers est le porteur de la parole des usagers du syst\u00e8me de sant\u00e9. <br>Il si\u00e8ge dans les commissions et instances dans lesquelles il a \u00e9t\u00e9 mandat\u00e9. <br>Les repr\u00e9sentants des usagers sont majoritairement issus d\u2019associations agr\u00e9\u00e9es du syst\u00e8me de sant\u00e9.                                               <\/p>\n\n\n\n<p>Arr\u00eat\u00e9 du 11 juin 2019 : <\/p>\n\n\n\n<p><a href=\"https:\/\/www.legifrance.gouv.fr\/affichTexte.do?cidTexte=JORFTEXT000038625880&amp;categorieLien=id\">https:\/\/www.legifrance.gouv.fr\/affichTexte.do?cidTexte=JORFTEXT000038625880&amp;categorieLien=id<\/a><\/p>\n\n\n\n<h2 class=\"wp-block-heading\">&gt; Actions aupr\u00e8s des politiques<\/h2>\n\n\n\n<p>L&rsquo;association d\u00e9nonce un <a href=\"http:\/\/francelyme.fr\/site\/mediatiques\/maladies-et-tiques\/lyme-controverses\/\">manque de prise en charge et de moyens<\/a> pour pr\u00e9venir, diagnostiquer et traiter les maladies \u00e0 tiques. <\/p>\n\n\n\n<p>En parall\u00e8le, depuis 2008, des membres de France Lyme sensibilisent leurs \u00e9lus et parlementaires.<\/p>\n\n\n\n<p class=\"has-text-align-right\"><a href=\"https:\/\/francelyme.fr\/site\/actions\/\">Haut<\/a><\/p>\n<div class=\"like-button\" style=\"float: right; clear: both; text-align: right; width = 100%;\">\n<!-- Facebook Like Button Vivacity Infotech BEGIN -->\n<div class=\"fb-like\" data-href=\"https:\/\/francelyme.fr\/site\/actions\/\" data-layout=\"box_count\" data-action=\"like\" data-show-faces=\"false\" data-size=\"large\" data-width=\"450\" data-share=\"1\" ><\/div><\/div>\n<!-- Facebook Like Button Vivacity Infotech END -->\n","protected":false},"excerpt":{"rendered":"","protected":false},"author":1,"featured_media":0,"parent":0,"menu_order":7,"comment_status":"closed","ping_status":"closed","template":"","meta":{"_mc_calendar":[],"footnotes":""},"class_list":["post-2284","page","type-page","status-publish","hentry"],"yoast_head":"<!-- This site is optimized with the Yoast SEO plugin v27.3 - https:\/\/yoast.com\/product\/yoast-seo-wordpress\/ -->\n<title>Les actions de l&#039;association - Association France Lyme<\/title>\n<meta name=\"robots\" content=\"index, follow, max-snippet:-1, max-image-preview:large, max-video-preview:-1\" \/>\n<link rel=\"canonical\" href=\"https:\/\/francelyme.fr\/site\/actions\/\" \/>\n<meta property=\"og:locale\" content=\"fr_FR\" \/>\n<meta property=\"og:type\" content=\"article\" \/>\n<meta property=\"og:title\" content=\"Les actions de l&#039;association - Association France Lyme\" \/>\n<meta property=\"og:url\" content=\"https:\/\/francelyme.fr\/site\/actions\/\" \/>\n<meta property=\"og:site_name\" content=\"Association France Lyme\" \/>\n<meta property=\"article:publisher\" content=\"https:\/\/www.facebook.com\/france.lyme\" \/>\n<meta property=\"article:modified_time\" content=\"2026-02-17T11:53:32+00:00\" \/>\n<meta property=\"og:image\" content=\"https:\/\/francelyme.fr\/site\/wp-content\/uploads\/2026\/02\/ChatGPT-Image-17-fevr.-2026-a-12_32_05.png\" \/>\n\t<meta property=\"og:image:width\" content=\"1024\" \/>\n\t<meta property=\"og:image:height\" content=\"1024\" \/>\n\t<meta property=\"og:image:type\" content=\"image\/png\" \/>\n<meta name=\"twitter:card\" content=\"summary_large_image\" \/>\n<meta name=\"twitter:site\" content=\"@francelyme\" \/>\n<meta name=\"twitter:label1\" content=\"Dur\u00e9e de lecture estim\u00e9e\" \/>\n\t<meta name=\"twitter:data1\" content=\"5 minutes\" \/>\n<script type=\"application\/ld+json\" class=\"yoast-schema-graph\">{\"@context\":\"https:\\\/\\\/schema.org\",\"@graph\":[{\"@type\":\"WebPage\",\"@id\":\"https:\\\/\\\/francelyme.fr\\\/site\\\/actions\\\/\",\"url\":\"https:\\\/\\\/francelyme.fr\\\/site\\\/actions\\\/\",\"name\":\"Les actions de l'association - Association France Lyme\",\"isPartOf\":{\"@id\":\"https:\\\/\\\/francelyme.fr\\\/site\\\/#website\"},\"primaryImageOfPage\":{\"@id\":\"https:\\\/\\\/francelyme.fr\\\/site\\\/actions\\\/#primaryimage\"},\"image\":{\"@id\":\"https:\\\/\\\/francelyme.fr\\\/site\\\/actions\\\/#primaryimage\"},\"thumbnailUrl\":\"http:\\\/\\\/francelyme.fr\\\/site\\\/wp-content\\\/uploads\\\/2026\\\/02\\\/ChatGPT-Image-17-fevr.-2026-a-12_32_05.png\",\"datePublished\":\"2019-06-08T09:22:06+00:00\",\"dateModified\":\"2026-02-17T11:53:32+00:00\",\"breadcrumb\":{\"@id\":\"https:\\\/\\\/francelyme.fr\\\/site\\\/actions\\\/#breadcrumb\"},\"inLanguage\":\"fr-FR\",\"potentialAction\":[{\"@type\":\"ReadAction\",\"target\":[\"https:\\\/\\\/francelyme.fr\\\/site\\\/actions\\\/\"]}]},{\"@type\":\"ImageObject\",\"inLanguage\":\"fr-FR\",\"@id\":\"https:\\\/\\\/francelyme.fr\\\/site\\\/actions\\\/#primaryimage\",\"url\":\"https:\\\/\\\/francelyme.fr\\\/site\\\/wp-content\\\/uploads\\\/2026\\\/02\\\/ChatGPT-Image-17-fevr.-2026-a-12_32_05.png\",\"contentUrl\":\"https:\\\/\\\/francelyme.fr\\\/site\\\/wp-content\\\/uploads\\\/2026\\\/02\\\/ChatGPT-Image-17-fevr.-2026-a-12_32_05.png\",\"width\":1024,\"height\":1024},{\"@type\":\"BreadcrumbList\",\"@id\":\"https:\\\/\\\/francelyme.fr\\\/site\\\/actions\\\/#breadcrumb\",\"itemListElement\":[{\"@type\":\"ListItem\",\"position\":1,\"name\":\"Accueil\",\"item\":\"https:\\\/\\\/francelyme.fr\\\/site\\\/\"},{\"@type\":\"ListItem\",\"position\":2,\"name\":\"Les actions de l&rsquo;association\"}]},{\"@type\":\"WebSite\",\"@id\":\"https:\\\/\\\/francelyme.fr\\\/site\\\/#website\",\"url\":\"https:\\\/\\\/francelyme.fr\\\/site\\\/\",\"name\":\"Association France Lyme\",\"description\":\"Association de lutte contre les maladies vectorielles \u00e0 tiques\",\"publisher\":{\"@id\":\"https:\\\/\\\/francelyme.fr\\\/site\\\/#organization\"},\"potentialAction\":[{\"@type\":\"SearchAction\",\"target\":{\"@type\":\"EntryPoint\",\"urlTemplate\":\"https:\\\/\\\/francelyme.fr\\\/site\\\/?s={search_term_string}\"},\"query-input\":{\"@type\":\"PropertyValueSpecification\",\"valueRequired\":true,\"valueName\":\"search_term_string\"}}],\"inLanguage\":\"fr-FR\"},{\"@type\":\"Organization\",\"@id\":\"https:\\\/\\\/francelyme.fr\\\/site\\\/#organization\",\"name\":\"France Lyme\",\"url\":\"https:\\\/\\\/francelyme.fr\\\/site\\\/\",\"logo\":{\"@type\":\"ImageObject\",\"inLanguage\":\"fr-FR\",\"@id\":\"https:\\\/\\\/francelyme.fr\\\/site\\\/#\\\/schema\\\/logo\\\/image\\\/\",\"url\":\"https:\\\/\\\/francelyme.fr\\\/site\\\/wp-content\\\/uploads\\\/2019\\\/05\\\/francelyme-site.gif\",\"contentUrl\":\"https:\\\/\\\/francelyme.fr\\\/site\\\/wp-content\\\/uploads\\\/2019\\\/05\\\/francelyme-site.gif\",\"width\":180,\"height\":180,\"caption\":\"France Lyme\"},\"image\":{\"@id\":\"https:\\\/\\\/francelyme.fr\\\/site\\\/#\\\/schema\\\/logo\\\/image\\\/\"},\"sameAs\":[\"https:\\\/\\\/www.facebook.com\\\/france.lyme\",\"https:\\\/\\\/x.com\\\/francelyme\",\"https:\\\/\\\/www.youtube.com\\\/channel\\\/UClMCGl3dvkz0iAgXFR1NH1A\"]}]}<\/script>\n<!-- \/ Yoast SEO plugin. -->","yoast_head_json":{"title":"Les actions de l'association - Association France Lyme","robots":{"index":"index","follow":"follow","max-snippet":"max-snippet:-1","max-image-preview":"max-image-preview:large","max-video-preview":"max-video-preview:-1"},"canonical":"https:\/\/francelyme.fr\/site\/actions\/","og_locale":"fr_FR","og_type":"article","og_title":"Les actions de l'association - Association France Lyme","og_url":"https:\/\/francelyme.fr\/site\/actions\/","og_site_name":"Association France Lyme","article_publisher":"https:\/\/www.facebook.com\/france.lyme","article_modified_time":"2026-02-17T11:53:32+00:00","og_image":[{"width":1024,"height":1024,"url":"https:\/\/francelyme.fr\/site\/wp-content\/uploads\/2026\/02\/ChatGPT-Image-17-fevr.-2026-a-12_32_05.png","type":"image\/png"}],"twitter_card":"summary_large_image","twitter_site":"@francelyme","twitter_misc":{"Dur\u00e9e de lecture estim\u00e9e":"5 minutes"},"schema":{"@context":"https:\/\/schema.org","@graph":[{"@type":"WebPage","@id":"https:\/\/francelyme.fr\/site\/actions\/","url":"https:\/\/francelyme.fr\/site\/actions\/","name":"Les actions de l'association - Association France Lyme","isPartOf":{"@id":"https:\/\/francelyme.fr\/site\/#website"},"primaryImageOfPage":{"@id":"https:\/\/francelyme.fr\/site\/actions\/#primaryimage"},"image":{"@id":"https:\/\/francelyme.fr\/site\/actions\/#primaryimage"},"thumbnailUrl":"http:\/\/francelyme.fr\/site\/wp-content\/uploads\/2026\/02\/ChatGPT-Image-17-fevr.-2026-a-12_32_05.png","datePublished":"2019-06-08T09:22:06+00:00","dateModified":"2026-02-17T11:53:32+00:00","breadcrumb":{"@id":"https:\/\/francelyme.fr\/site\/actions\/#breadcrumb"},"inLanguage":"fr-FR","potentialAction":[{"@type":"ReadAction","target":["https:\/\/francelyme.fr\/site\/actions\/"]}]},{"@type":"ImageObject","inLanguage":"fr-FR","@id":"https:\/\/francelyme.fr\/site\/actions\/#primaryimage","url":"https:\/\/francelyme.fr\/site\/wp-content\/uploads\/2026\/02\/ChatGPT-Image-17-fevr.-2026-a-12_32_05.png","contentUrl":"https:\/\/francelyme.fr\/site\/wp-content\/uploads\/2026\/02\/ChatGPT-Image-17-fevr.-2026-a-12_32_05.png","width":1024,"height":1024},{"@type":"BreadcrumbList","@id":"https:\/\/francelyme.fr\/site\/actions\/#breadcrumb","itemListElement":[{"@type":"ListItem","position":1,"name":"Accueil","item":"https:\/\/francelyme.fr\/site\/"},{"@type":"ListItem","position":2,"name":"Les actions de l&rsquo;association"}]},{"@type":"WebSite","@id":"https:\/\/francelyme.fr\/site\/#website","url":"https:\/\/francelyme.fr\/site\/","name":"Association France Lyme","description":"Association de lutte contre les maladies vectorielles \u00e0 tiques","publisher":{"@id":"https:\/\/francelyme.fr\/site\/#organization"},"potentialAction":[{"@type":"SearchAction","target":{"@type":"EntryPoint","urlTemplate":"https:\/\/francelyme.fr\/site\/?s={search_term_string}"},"query-input":{"@type":"PropertyValueSpecification","valueRequired":true,"valueName":"search_term_string"}}],"inLanguage":"fr-FR"},{"@type":"Organization","@id":"https:\/\/francelyme.fr\/site\/#organization","name":"France Lyme","url":"https:\/\/francelyme.fr\/site\/","logo":{"@type":"ImageObject","inLanguage":"fr-FR","@id":"https:\/\/francelyme.fr\/site\/#\/schema\/logo\/image\/","url":"https:\/\/francelyme.fr\/site\/wp-content\/uploads\/2019\/05\/francelyme-site.gif","contentUrl":"https:\/\/francelyme.fr\/site\/wp-content\/uploads\/2019\/05\/francelyme-site.gif","width":180,"height":180,"caption":"France Lyme"},"image":{"@id":"https:\/\/francelyme.fr\/site\/#\/schema\/logo\/image\/"},"sameAs":["https:\/\/www.facebook.com\/france.lyme","https:\/\/x.com\/francelyme","https:\/\/www.youtube.com\/channel\/UClMCGl3dvkz0iAgXFR1NH1A"]}]}},"_links":{"self":[{"href":"https:\/\/francelyme.fr\/site\/wp-json\/wp\/v2\/pages\/2284","targetHints":{"allow":["GET"]}}],"collection":[{"href":"https:\/\/francelyme.fr\/site\/wp-json\/wp\/v2\/pages"}],"about":[{"href":"https:\/\/francelyme.fr\/site\/wp-json\/wp\/v2\/types\/page"}],"author":[{"embeddable":true,"href":"https:\/\/francelyme.fr\/site\/wp-json\/wp\/v2\/users\/1"}],"replies":[{"embeddable":true,"href":"https:\/\/francelyme.fr\/site\/wp-json\/wp\/v2\/comments?post=2284"}],"version-history":[{"count":19,"href":"https:\/\/francelyme.fr\/site\/wp-json\/wp\/v2\/pages\/2284\/revisions"}],"predecessor-version":[{"id":19234,"href":"https:\/\/francelyme.fr\/site\/wp-json\/wp\/v2\/pages\/2284\/revisions\/19234"}],"wp:attachment":[{"href":"https:\/\/francelyme.fr\/site\/wp-json\/wp\/v2\/media?parent=2284"}],"curies":[{"name":"wp","href":"https:\/\/api.w.org\/{rel}","templated":true}]}}